is -2112210212220 (base 3) in base 12?
-553966
What is -18486159 (base 10) in base 4?
-1012201032033
-27239 (base 13) to base 14
-1c7c3
Convert 62877 (base 14) to base 9.
402003
Convert -213213433 (base 5) to base 9.
-1642221
-9adc04 (base 14) to base 10
-5262604
1060a (base 11) to base 2
11110000010001
What is -14a6f (base 16) in base 12?
-40b53
Convert 14b39 (base 16) to base 7.
502132
Convert 1066671 (base 8) to base 14.
77aad
16236 (base 10) to base 16
3f6c
What is -101001111101110001011 (base 2) in base 14?
-27b1c7
What is 205eb3 (base 15) in base 3?
2220012000220
-40146360 (base 8) to base 3
-120212211222022
-645151 (base 9) to base 7
-3160303
21005014 (base 7) to base 5
423011321
What is -1556254 (base 7) in base 4?
-310231030
Convert -1101111000101010001100 (base 2) to base 11.
-2066824
What is 137013 (base 8) in base 15?
e636
What is -1235641 (base 8) in base 11?
-214729
-c5bc (base 14) to base 8
-102432
-42120044 (base 5) to base 2
-1010100111111110101
Convert -11001011000001 (base 2) to base 15.
-3cb3
-1110323023 (base 5) to base 15
-330cc8
What is 1156e (base 16) in base 12?
35126
What is -321111113 (base 4) in base 14?
-61823
What is 12131103 (base 5) in base 16?
1bf60
Convert -213031303 (base 4) to base 2.
-100111001101110011
What is 128991 (base 15) in base 10?
889786
Convert 479b22 (base 13) to base 5.
414104014
ae14a (base 16) to base 14
147bd0
1110110111111101111 (base 2) to base 6
14240303
What is 15aa2 (base 14) in base 3?
2202101211
10011001011011011 (base 2) to base 6
1403403
Convert -4d714 (base 16) to base 13.
-b14c4
What is 34300310 (base 6) in base 13?
2a9b37
Convert 20400a5 (base 11) to base 5.
1410224201
-2521241 (base 7) to base 8
-1171775
What is -176f0 (base 16) in base 3?
-11212122222
-2023203202 (base 4) to base 16
-8b8e2
-102a822 (base 11) to base 15
-25cc4a
Convert 1041462 (base 8) to base 5.
32414341
Convert -306a90 (base 11) to base 8.
-1701640
Convert 22244401 (base 5) to base 13.
6b7a5
What is 3155231 (base 6) in base 13?
55966
133597 (base 10) to base 8
404735
-241165 (base 9) to base 15
-2d05b
-403343 (base 5) to base 7
-52552
-10033400 (base 5) to base 13
-2a825
Convert -1086408 (base 11) to base 15.
-2771cc
1b86e5 (base 15) to base 6
44453555
What is -100762 (base 15) in base 12?
-308502
416348 (base 10) to base 16
65a5c
What is 54115534 (base 6) in base 13?
43b98b
What is 4721 (base 13) in base 9?
14638
Convert -310203133 (base 4) to base 2.
-110100100011011111
Convert -8b9227 (base 14) to base 4.
-102013233103
What is -2230523 (base 7) in base 6?
-5531305
Convert -101100001022022 (base 3) to base 6.
-313420142
-42660f (base 16) to base 10
-4351503
-131103012 (base 5) to base 8
-2352044
What is -132113232030 (base 4) in base 3?
-112222111002210
Convert 1801932 (base 10) to base 4.
12313323030
Convert 11112110011 (base 3) to base 6.
1525134
-185952 (base 16) to base 8
-6054522
Convert -20720 (base 9) to base 15.
-40dc
What is 11021212221 (base 3) in base 12?
40a81
Convert -302473 (base 8) to base 2.
-11000010100111011
-25973c (base 16) to base 15
-339e18
62477a9 (base 11) to base 8
52024033
110131114 (base 5) to base 8
1635465
What is 11544651 (base 7) in base 3?
1221122212010
Convert -49725 (base 12) to base 6.
-2044445
Convert -220120323 (base 4) to base 13.
-5a3ba
What is 281777 (base 9) in base 10?
171952
What is -356200 (base 7) in base 10?
-64582
Convert -4014001 (base 5) to base 16.
-f88a
Convert -222a5a (base 14) to base 7.
-12600643
Convert -15181 (base 10) to base 11.
-10451
Convert -120424 (base 15) to base 10.
-861559
What is -2212121122110 (base 3) in base 5?
-342341401
-5b424b (base 15) to base 4
-100222112123
-73d4d (base 16) to base 15
-9589a
-75682 (base 9) to base 15
-ecc2
Convert -12122002200200 (base 3) to base 7.
-34306134
What is -26740 (base 9) in base 12?
-a583
Convert 2101110201112 (base 3) to base 15.
1a0ee2
What is -683558 (base 10) in base 15?
-d7808
Convert -7059 (base 10) to base 13.
-32a0
What is -29ba6 (base 16) in base 8?
-515646
What is -43730 (base 15) in base 2?
-110100010011100101
What is 6741625 (base 9) in base 16?
37619f
What is -d6971 (base 14) in base 3?
-222022012101
Convert -623405 (base 7) to base 14.
-2ad3c
Convert -1613b (base 14) to base 12.
-27aa1
What is 12433067 (base 8) in base 14?
520235
What is 13740072 (base 9) in base 4?
122000102300
Convert -3622a12 (base 12) to base 9.
-21668555
Convert -376280 (base 12) to base 8.
-3342400
-11010111100001010110 (base 2) to base 9
-1584840
What is -18a9b7 (base 12) in base 14?
-b3d59
1000010101110111000 (base 2) to base 12
112220
What is 113a995 (base 14) in base 3?
120110012200001
-13043221 (base 5) to base 15
-27d91
Convert 81858 (base 11) to base 7.
1005240
What is -3145dc (base 15) in base 12?
-9502a6
5eba (base 15) to base 6
233304
What is 10011111100110000 (base 2) in base 4?
103330300
4276432 (base 8) to base 16
117d1a
Convert -101011211200020 (base 3) to base 6.
-311540440
-3818965 (base 10) to base 6
-213504221
130836 (base 9) to base 10
79413
Convert 9370a0 (base 12) to base 13.
6302a3
What is 1611b5 (base 12) in base 5?
44002012
3768463 (base 9) to base 13
56b74c
Convert 1440731 (base 10) to base 16.
15fbdb
-24256401 (base 8) to base 10
-5332225
Convert 1213253 (base 8) to base 15.
68c23
Convert c14b2 (base 13) to base 6.
11224410
Convert -355755 (base 8) to base 6.
-2340021
-1010121220011 (base 3) to base 2
-10010011001010110110
Convert 2222001022 (base 3) to base 12.
2992b
Convert 200498 (base 11) to base 8.
1166205
1015408 (base 9) to base 10
541979
-6262302 (base 7) to base 12
-304939
Convert -14261 (base 13) to base 4.
-21032012
1010010001100001101 (base 2) to base 3
122002210122
13120043 (base 5) to base 14
3522a
What is b4956a (base 12) in base 5?
1211231300
What is -43045243 (base 7) in base 4?
-31331031013
What is 13564526 (base 8) in base 5?
1241340030
23f754 (base 16) to base 8
10773524
What is 353376 (base 9) in base 15?
42e36
4669ab (base 13) to base 5
411441012
What is -10101100001011101 (base 2) in base 5?
-10310112
What is 87425 (base 9) in base 7?
330626
201122101020021 (base 3) to base 11
5990349
2333202 (base 4) to base 2
10111111100010
55354631 (base 7) to base 9
8870272
What is 30656 (base 7) in base 14?
2a66
102212032 (base 4) to base 5
4414144
Convert 9c40d (base 14) to base 2.
1011100101001001101
-211936 (base 11) to base 3
-122020022001
What is -9824376 (base 10) in base 16?
-95e878
Convert -10271 (base 11) to base 15.
-4676
What is 69321 (base 10) in base 3?
10112002110
Convert -33b0a2 (base 13) to base 3.
-2022011211012
Convert 2679484 (base 10) to base 4.
22032022330
What is 46bf79 (base 16) in base 8?
21537571
Convert 282726 (base 11) to base 14.
b7503
625608 (base 9) to base 12
15b02b
What is 918942 (base 10) in base 7?
10545063
Convert 340204242 (base 6) to base 14.
b6a590
-207302 (base 8) to base 7
-406040
Convert -474381 (base 9) to base 15.
-5983a
Convert 138271 (base 9) to base 5.
10203130
50213331 (base 7) to base 9
7732436
-1101203200 (base 4) to base 10
-334048
Convert 224028 (base 10) to base 14.
5b900
-12142043112 (base 5) to base 15
-13e95a7
What is -122121301 (base 4) in base 14?
-2b5a9
Convert -3f700 (base 16) to base 4.
-333130000
What is -1125350 (base 8) in base 14?
-7d69a
7ba02 (base 16) to base 3
221201121110
Convert 1101110101101000 (base 2) to base 5.
3303210
Convert -1231203222 (base 4) to base 9.
-753506
Convert -7587933 (base 11) to base 8.
-62672370
What is 2020121010120 (base 3) in base 8?
4431444
1000010101000010010 (base 2) to base 5
32213124
Convert 644533 (base 8) to base 9.
357408
14a8a (base 15) to base 10
66505
Convert -4041210 (base 7) to base 15.
-97633
What is -110010110100011011 (base 2) in base 16?
-32d1b
What is -247a32 (base 11) in base 10?
-391228
1010001010000001 (base 2) to base 5
2312401
What is 101110100110110000110101 (base 2) in base 3?
211222201010012
-11211310331 (base 4) to base 10
-1465661
Convert -b70820 (base 15) to base 14.
-1229d50
What is -4333041011 (base 5) in base 9?
-18385582
What is 298847 (base 11) in base 16?
71a82
Convert 40498 (base 13) to base 5.
12140140
Convert -21210002022200 (base 3) to base 12.
-1475016
What is 24004504 (base 6) in base 11?
470706
Convert 17523b (base 15) to base 12.
46670b
-40466